 = 457 + -223. Let u be 1 + (48/2 - -1). What is the highest common factor of q and u?
26
Let u(r) = r**2 - r + 13. Let t = 5 + -5. Let o be u(t). Let p = -67 - -184. Calculate the highest common factor of o and p.
13
Let r(l) = l**3 - 16*l**2 + 6*l + 16. Let h be r(16). Calculate the highest common divisor of h and 28.
28
Suppose 4*o - 10 + 2 = 0. Calculate the greatest common factor of o and 1.
1
Let v = 43 - 29. Calculate the highest common factor of 98 and v.
14
Suppose 3*q + q - 116 = -2*s, 0 = s - 4. Calculate the highest common divisor of q and 18.
9
Let d = 57 - 54. What is the highest common divisor of d and 1?
1
Let s(x) = x + 4. Suppose -9*o + 20 = -4*o. Let j be s(o). What is the highest common factor of j and 56?
8
Let i = -25 + 29. What is the greatest common factor of 4 and i?
4
Let q = 114 - 46. Calculate the highest common divisor of 17 and q.
17
Let a(f) = -3*f**3 - 6*f**2 - 2*f + 7. Let u be a(-5). Calculate the highest common factor of u and 22.
22
Let b(k) = -2*k - 13. Let u be b(-10). Suppose -3*a + 2*a = -2. Suppose 0 = 5*i - a*i - 105. Calculate the highest common factor of i and u.
7
Suppose -3*s - 31 = -4*n + 59, 5*n + 2*s - 124 = 0. Let m = -2 - -8. Calculate the greatest common divisor of m and n.
6
Suppose 5*f = -61 + 321. What is the highest common factor of 13 and f?
13
Let m(z) = -z - 5. Let b be m(-6). Suppose -4 = -3*l - 1. Let g be 1/l + (5 - 1). Calculate the highest common factor of g and b.
1
Let h = -258 - -437. Suppose -5*g - 2*n + h = 0, n + 4 = 3*n. What is the greatest common factor of 7 and g?
7
Suppose 0 = 2*t - t - 13. Calculate the highest common divisor of t and 104.
13
Let c be (26/2)/1 + 0. Let b(h) = -12*h**3 - h**2 - 1. Let i be b(-2). What is the highest common factor of c and i?
13
Let x = 9 + 8. Suppose 0 = 4*d + x - 65. What is the greatest common factor of 108 and d?
12
Let o be 1*16*5/4. Let h = 0 + 8. Calculate the highest common factor of h and o.
4
Suppose -5*a + 178 = 68. Calculate the highest common divisor of 110 and a.
22
Let r = 33 + -25. Calculate the greatest common factor of 40 and r.
8
Let v(j) be the third derivative of j**6/120 - 2*j**5/15 + 3*j**4/8 + 7*j**3/6 + j**2. Let m be v(7). What is the highest common factor of m and 7?
7
Suppose 0 = 4*f + 16, 3*f - 2*f + 99 = 5*u. Let c(o) = 5*o**2 + 6*o + 6. Let q be c(-7). Calculate the greatest common divisor of q and u.
19
Let m(l) = -l**3 + 15*l**2 - 12*l - 15. Let t be m(14). What is the highest common factor of 39 and t?
13
Suppose 4 = 2*m - 4. Suppose 0 = m*x + 14 - 2, 4*x - 24 = -3*g. Calculate the highest common divisor of 108 and g.
12
Let c be 33/21 - (-48)/112. Suppose -4*i + 16 = -0*i + 4*w, 4*w = 5*i + 7. What is the greatest common factor of i and c?
1
Let c(y) = 3*y**2 - 30*y + 1. Let d be c(10). Suppose -q = 2*q - 27. Calculate the greatest common factor of d and q.
1
Let g = -6 + 22. Let k = g - 9. What is the greatest common factor of k and 1?
1
Suppose 2*m + 0*m = 24. Suppose 0 = 5*z + 191 + 134. Let s = -41 - z. Calculate the highest common factor of m and s.
12
Let b be (0 - -1)/(3/(-24)). Let h = -5 - b. Calculate the highest common factor of 33 and h.
3
Let s = 68 + -60. Calculate the greatest common divisor of 32 and s.
8
Let w = 6 + -17. Let g = -5 - w. What is the highest common divisor of 30 and g?
6
Suppose 0 = -3*u - v + 41, u + 4*v = v + 19. Suppose 3*x + k = -0*x + u, -x - 5*k = -9. Suppose 5*y - x - 31 = 0. What is the highest common factor of y and 56?
7
Suppose 4*x - 40 = -5*f, 2*x - 2*f = -2*x + 12. Let g(z) = -20*z**3 - 4*z - 4. Let a be g(-1). Calculate the highest common factor of a and x.
5
Suppose 0 = o - 4*r + 89, -o + 2*r = -5*o - 410. Let a = 266 + o. Calculate the highest common divisor of 15 and a.
15
Suppose -9*u = -4*u - 15. Suppose -z - u*z = -220. Let x be (-1)/4 + (-21)/(-4). What is the highest common factor of z and x?
5
Suppose 0 = -3*k + 5*t + 57, 3*t - 71 = -2*k - 14. What is the highest common factor of k and 3?
3
Suppose 0*w - 430 = -5*w. Suppose 294 = 4*r - w. Calculate the greatest common factor of 38 and r.
19
Let x(z) = -z**2 - 13*z - 8. Let b be x(-9). Calculate the greatest common factor of b and 4.
4
Suppose 120 = -9*k + 13*k. Calculate the greatest common factor of 20 and k.
10
Let q be 2/4 + (-1253)/(-14). Suppose -3*f = -4*j + q, -f - 2*f = 3*j - 78. Calculate the greatest common divisor of j and 36.
12
Let t be 44/33 + 406/6. Calculate the highest common divisor of t and 46.
23
Suppose 5*d - 2*d = 9, -5*c = 3*d - 114. What is the greatest common divisor of 21 and c?
21
Let a be (-1)/((-1)/4) - 1. Suppose -1 + 10 = a*c. Let p be (-4 - 0)*15/(-4). What is the highest common divisor of c and p?
3
Let w(c) = c**3 - c. Let f be w(-1). Suppose f*d - 192 = 4*d. Let n = d + 97. What is the highest common divisor of 7 and n?
7
Let n(b) = -b**3 + 6*b**2 - b - 5. Let o be n(5). Let g be ((-5)/o)/(2/(-42)). Suppose -4*k = -41 - g. Calculate the highest common divisor of 60 and k.
12
Let n(x) = x + 33. Let a be n(-23). What is the highest common divisor of 50 and a?
10
Let j(o) = 6*o - 6. Let h = -5 + 16. Let b be j(h). Calculate the highest common divisor of b and 12.
12
Let n = -3 - -12. Let t(o) = -o. Let x be t(-4). Let r be (2/x)/(1/126). What is the highest common divisor of n and r?
9
Let b be (2/5)/(63/60 - 1). What is the highest common divisor of 56 and b?
8
Let g(f) = -f - 4. Let v be g(-8). Let z(n) = n**3 - 2*n**2 + n + 4. Let a be z(v). Calculate the greatest common factor of a and 5.
5
Let w = -34 - -49. Let p(v) = -3*v - 10. Let r be p(-8). Let q = -9 + r. Calculate the greatest common factor of q and w.
5
Let d be (8/(-6) + -5)*-9. Calculate the highest common divisor of d and 19.
19
Suppose 2*q = 16 + 44. Let x be ((-10)/(-4) - 2)*6. Calculate the greatest common divisor of x and q.
3
Let j be 2/(-10) - 26/(-5). Calculate the highest common factor of j and 25.
5
Let o be (-16)/20 + 1498/35. What is the highest common factor of o and 21?
21
Suppose -18 = -v + 47. Suppose -69*s - 52 = -73*s. Calculate the greatest common divisor of v and s.
13
Suppose -14*r = -11*r - 15. Calculate the greatest common divisor of 10 and r.
5
Let t(y) = y**3 - 7*y**2 - 2*y - 8. Let p be t(8). Calculate the greatest common divisor of p and 10.
10
Let u(t) = -t**3 + 2*t**2 - 4*t. Let a(o) = 2*o + 4. Let m be a(-4). Let l be u(m). What is the highest common factor of l and 16?
16
Let d = -67 - -106. Suppose -2*h + 25 = -1. Calculate the highest common divisor of d and h.
13
Let z be 2 + -2 - 6/(-2). Suppose -4*j + z*m + 11 = -121, 0 = -j + 3*m + 42. Calculate the highest common factor of j and 3.
3
Let t be 2*1 - (5 + -5). Suppose t*a - 1 = 37. Let y be 9/(-6) - (-614)/4. Calculate the highest common factor of y and a.
19
Let o be (-80)/(-8 + 4) + 0. Suppose -o = -6*u + 5*u. Calculate the highest common factor of 80 and u.
20
Let v(n) = -35*n**3 + 2*n**2 + n. Let p be v(-1). Suppose 4*c + 5 = 1, 2*j - 25 = c. Calculate the highest common factor of p and j.
12
Let d(x) = -3. Let n(t) = t - 1. Let z(v) = d(v) - 6*n(v). Let f be z(-4). Calculate the greatest common divisor of f and 18.
9
Let r be (6/(-4))/((-3)/6). Suppose -r*q + 2*q = -2. Calculate the highest common divisor of q and 14.
2
Let s(c) = -c + 4 - c + 3*c - 2*c. Let o be s(2). Calculate the greatest common factor of 3 and o.
1
Let h be (-2*1)/(24/(-60)). Suppose 3*r - 1 = h. What is the greatest common divisor of r and 1?
1
Let l(n) = -3*n - 2. Let y be l(-2). Suppose -6*f = y*p - 5*f - 339, 5*p + 4*f = 432. Let u = -323 - -337. What is the highest common divisor of u and p?
14
Let t = -5 - -2. Let h = 5 + t. Let x be h - ((-6)/3 + -46). What is the greatest common divisor of 5 and x?
5
Let u be (2 - 0)*(-2)/(8/(-42)). What is the greatest common divisor of u and 3?
3
Suppose -3*a = 28 - 7. Let i = 23 + a. Suppose -8 = -5*z + 4*z. What is the greatest common factor of z and i?
8
Let l = -8 + 4. Let p be (-526)/(-3) - l/6. Let b(o) = o + 16. Let z be b(0). What is the greatest common divisor of z and p?
16
Let o(s) = s**3 - 3*s**2 - 9*s + 2. Let w be o(6). Calculate the highest common divisor of 7 and w.
7
Let d = -12 - -11. Let r be (d + 0)/((-5)/20). Let f = 18 + -8. Calculate the highest common divisor of f and r.